{"id":853,"date":"2025-08-25T06:43:31","date_gmt":"2025-08-25T04:43:31","guid":{"rendered":"https:\/\/lajolieparenthese.fr\/?page_id=853"},"modified":"2025-10-08T22:31:23","modified_gmt":"2025-10-08T20:31:23","slug":"mentions-legales","status":"publish","type":"page","link":"https:\/\/lajolieparenthese.fr\/?page_id=853","title":{"rendered":"Mentions l\u00e9gales"},"content":{"rendered":"\n<p><em>Derni\u00e8re mise \u00e0 jour : 25 ao\u00fbt 2025<\/em><\/p>\n\n\n\n<h3 class=\"wp-block-heading\">Identification de l\u2019\u00e9diteur du site<\/h3>\n\n\n\n<p><strong>Jolie Parenth\u00e8se<\/strong><br>Statut : Micro-entreprise<br>SIRET : 990 486 508 00015<br>Adresse : 31 rue des petits nattes, 97450 Saint-Louis<br>Email : contact@lajolieparenthese.fr<\/p>\n\n\n\n<h3 class=\"wp-block-heading\">Directrice de la publication<\/h3>\n\n\n\n<p>NEZICA Julie<\/p>\n\n\n\n<h3 class=\"wp-block-heading\">H\u00e9bergeur du site<\/h3>\n\n\n\n<p>Le site <em>lajolieparenthese.fr<\/em> est h\u00e9berg\u00e9 par :<\/p>\n\n\n\n<p><strong>OVH SAS<\/strong><br>Si\u00e8ge social : 2 rue Kellermann, 59100 Roubaix, France<br>T\u00e9l\u00e9phone : 1007 (num\u00e9ro gratuit depuis une ligne fixe en France)<br>Site web : <a href=\"https:\/\/www.ovhcloud.com\/fr\/\" data-type=\"link\" data-id=\"https:\/\/www.ovhcloud.com\/fr\/\">www.ovh.com<\/a><\/p>\n\n\n\n<h3 class=\"wp-block-heading\">Assurance professionnelle<\/h3>\n\n\n\n<p>Conform\u00e9ment \u00e0 l\u2019article 22-2 de la loi n\u00b096-603 du 5 juillet 1996, Jolie Parenth\u00e8se est assur\u00e9e au titre de sa responsabilit\u00e9 civile professionnelle aupr\u00e8s de :<\/p>\n\n\n\n<p><strong>HISCOX SA<\/strong> \u2013 35 avenue Monterey, L-2163 Luxembourg<br>Succursale France : 49 avenue de l\u2019Op\u00e9ra, 75002 Paris<br><strong>Type de garantie :<\/strong> Responsabilit\u00e9 Civile Professionnelle<br><strong>Couverture g\u00e9ographique :<\/strong> Monde entier (hors USA\/Canada)<\/p>\n\n\n\n<h3 class=\"wp-block-heading\">Propri\u00e9t\u00e9 intellectuelle<\/h3>\n\n\n\n<p>L\u2019ensemble du contenu pr\u00e9sent sur ce site (textes, graphismes, logo, photos, cr\u00e9ations, plans, papeterie personnalis\u00e9e\u2026) est prot\u00e9g\u00e9 par le droit d\u2019auteur et reste la propri\u00e9t\u00e9 exclusive de Jolie Parenth\u00e8se.<\/p>\n\n\n\n<p>Toute reproduction, diffusion, modification ou exploitation sans autorisation pr\u00e9alable \u00e9crite est strictement interdite.<\/p>\n\n\n\n<h3 class=\"wp-block-heading\">Responsabilit\u00e9<\/h3>\n\n\n\n<p>Jolie Parenth\u00e8se s\u2019efforce de fournir sur le site <em>lajolieparenthese.fr<\/em> des informations aussi pr\u00e9cises que possible. Toutefois, elle ne pourra \u00eatre tenue responsable d\u2019\u00e9ventuelles erreurs, omissions ou indisponibilit\u00e9s du site.<\/p>\n\n\n\n<p>Les liens hypertextes pr\u00e9sents peuvent rediriger vers d\u2019autres sites : Jolie Parenth\u00e8se d\u00e9cline toute responsabilit\u00e9 quant aux contenus externes.<\/p>\n\n\n\n<h3 class=\"wp-block-heading\">Protection des donn\u00e9es personnelles<\/h3>\n\n\n\n<p>Conform\u00e9ment au RGPD (R\u00e8glement G\u00e9n\u00e9ral sur la Protection des Donn\u00e9es) :<\/p>\n\n\n\n<p>Les donn\u00e9es collect\u00e9es via le formulaire de contact (nom, email, message) sont utilis\u00e9es uniquement pour r\u00e9pondre aux demandes des visiteurs.<\/p>\n\n\n\n<p>Ces donn\u00e9es ne sont ni revendues ni transmises \u00e0 des tiers \u00e0 des fins commerciales.<\/p>\n\n\n\n<p>Vous disposez d\u2019un droit d\u2019acc\u00e8s, de rectification et de suppression de vos donn\u00e9es.<\/p>\n\n\n\n<p>Pour exercer vos droits, contactez-nous \u00e0 : <strong>contact@lajolieparenthese.fr<\/strong><\/p>\n\n\n\n<h3 class=\"wp-block-heading\">Cookies<\/h3>\n\n\n\n<p>Le site utilise uniquement des cookies techniques n\u00e9cessaires \u00e0 son bon fonctionnement.<\/p>\n\n\n\n<p>Si des cookies de suivi (Google Analytics, Pixel Meta, etc.) venaient \u00e0 \u00eatre ajout\u00e9s, un bandeau d\u2019information et de consentement appara\u00eetra lors de votre visite.<\/p>\n\n\n\n<p><\/p>\n","protected":false},"excerpt":{"rendered":"<p>Derni\u00e8re mise \u00e0 jour : 25 ao\u00fbt 2025 Identification de l\u2019\u00e9diteur du site Jolie Parenth\u00e8seStatut : Micro-entrepriseSIRET : 990 486 508 00015Adresse : 31 rue des petits nattes, 97450 Saint-LouisEmail : contact@lajolieparenthese.fr Directrice de la publication NEZICA Julie H\u00e9bergeur du site Le site lajolieparenthese.fr est h\u00e9berg\u00e9 par : OVH SASSi\u00e8ge social : 2 rue Kellermann, [&hellip;]<\/p>\n","protected":false},"author":1,"featured_media":0,"parent":0,"menu_order":0,"comment_status":"closed","ping_status":"closed","template":"page-mentions-legales-template","meta":{"saved_in_kubio":true,"footnotes":""},"class_list":["post-853","page","type-page","status-publish","hentry"],"kubio_ai_page_context":{"short_desc":"","purpose":"general"},"_links":{"self":[{"href":"https:\/\/lajolieparenthese.fr\/index.php?rest_route=\/wp\/v2\/pages\/853","targetHints":{"allow":["GET"]}}],"collection":[{"href":"https:\/\/lajolieparenthese.fr\/index.php?rest_route=\/wp\/v2\/pages"}],"about":[{"href":"https:\/\/lajolieparenthese.fr\/index.php?rest_route=\/wp\/v2\/types\/page"}],"author":[{"embeddable":true,"href":"https:\/\/lajolieparenthese.fr\/index.php?rest_route=\/wp\/v2\/users\/1"}],"replies":[{"embeddable":true,"href":"https:\/\/lajolieparenthese.fr\/index.php?rest_route=%2Fwp%2Fv2%2Fcomments&post=853"}],"version-history":[{"count":3,"href":"https:\/\/lajolieparenthese.fr\/index.php?rest_route=\/wp\/v2\/pages\/853\/revisions"}],"predecessor-version":[{"id":936,"href":"https:\/\/lajolieparenthese.fr\/index.php?rest_route=\/wp\/v2\/pages\/853\/revisions\/936"}],"wp:attachment":[{"href":"https:\/\/lajolieparenthese.fr\/index.php?rest_route=%2Fwp%2Fv2%2Fmedia&parent=853"}],"curies":[{"name":"wp","href":"https:\/\/api.w.org\/{rel}","templated":true}]}}